792231 a prime number?
True
Is 12356860999 a composite number?
True
Is 6195201601 a prime number?
True
Is 2678558083 a composite number?
True
Is 993282083 prime?
True
Is 285371341 a composite number?
False
Is 631747189 a prime number?
True
Is 4607016398 prime?
False
Is 24837549799 composite?
False
Is 19557005813 a composite number?
False
Is 2075141971 a composite number?
True
Is 315692891 a composite number?
False
Is 481130207 composite?
False
Is 73251886453 composite?
False
Is 450100309 composite?
False
Is 15646219063 composite?
False
Is 2167787689 prime?
True
Is 19520665367 a composite number?
True
Is 6152730187 composite?
False
Is 9360047549 a composite number?
True
Is 788652751 composite?
False
Is 14426500646 prime?
False
Is 75664129589 prime?
False
Is 452486381 prime?
True
Is 2080450679 composite?
False
Is 317889991 a prime number?
False
Is 527542681 prime?
False
Is 10098149 a prime number?
True
Is 135162180611 composite?
True
Is 916602773 composite?
True
Is 2039327621 prime?
False
Is 1179374351 a composite number?
False
Is 151714501 prime?
True
Is 865498495 a prime number?
False
Is 222362831 a prime number?
False
Is 2246719549 composite?
False
Is 25429247443 a composite number?
False
Is 2861640599 composite?
True
Is 282870637 composite?
True
Is 890312701 prime?
True
Is 31831989781 composite?
True
Is 59908579 a composite number?
True
Is 14613332407 a composite number?
False
Is 327908063 composite?
True
Is 2103254819 prime?
True
Is 10959054959 a composite number?
False
Is 3931991783 a composite number?
False
Is 3266728411 composite?
True
Is 66043877883 a composite number?
True
Is 516863729 composite?
False
Is 3026890093 prime?
False
Is 1687649323 a prime number?
True
Is 4618062583 a composite number?
False
Is 847447537 a prime number?
True
Is 4147534007 prime?
False
Is 1888470923 a composite number?
True
Is 20204388059 a composite number?
True
Is 760085323 prime?
True
Is 171038369 a prime number?
True
Is 1774621561 composite?
False
Is 6174480889 a composite number?
True
Is 3527455301 composite?
False
Is 11296265503 a composite number?
False
Is 22767572537 a composite number?
False
Is 120251456731 prime?
False
Is 2214612737 prime?
True
Is 418600649 prime?
True
Is 53862989561 composite?
False
Is 799047593 a prime number?
False
Is 42499629759 composite?
True
Is 42531158503 composite?
False
Is 4664739899 a prime number?
False
Is 925942141 prime?
False
Is 18389806189 composite?
True
Is 985061435 a composite number?
True
Is 1654113529 a prime number?
False
Is 192795667 prime?
True
Is 636940859 a prime number?
False
Is 6549008857 a composite number?
False
Is 7662377857 a prime number?
False
Is 77721464083 a prime number?
True
Is 90024176909 a prime number?
True
Is 20836123657 composite?
True
Is 474633223 prime?
False
Is 1188482003 composite?
False
Is 5660373599 prime?
False
Is 1267743359 a composite number?
True
Is 902809459 a composite number?
False
Is 905771669 a composite number?
True
Is 346195741 a composite number?
False
Is 35938526821 composite?
False
Is 1145944001 prime?
True
Is 252905 a prime number?
False
Is 86474239171 a prime number?
False
Is 3314217343 prime?
True
Is 418810967 prime?
True
Is 478629251 a composite number?
False
Is 3840187747 composite?
True
Is 6552112349 composite?
True
Is 170512477 a composite number?
False
Is 34124455901 a prime number?
True
Is 6438361627 a composite number?
False
Is 3220381093 prime?
True
Is 2488256711 prime?
True
Is 39399002389 a composite number?
False
Is 11165077877 a composite number?
False
Is 9734525741 prime?
False
Is 9109012961 a prime number?
True
Is 13932819601 composite?
False
Is 159908097766 prime?
False
Is 251772013 a composite number?
True
Is 2081413231 a prime number?
True
Is 2974955539 a composite number?
True
Is 56162625241 prime?
True
Is 20486643017 composite?
False
Is 3086863711 prime?
False
Is 105017495537 composite?
True
Is 168580507 a prime number?
False
Is 3707596411 a prime number?
True
Is 334885381 a composite number?
True
Is 3133049749 a prime number?
True
Is 6155284313 a prime number?
True
Is 186564796547 a prime number?
False
Is 4498940203 a prime number?
False
Is 3635369671 prime?
True
Is 833012863 a prime number?
True
Is 322176629 prime?
False
Is 37679969917 a composite number?
False
Is 19066820657 a composite number?
False
Is 1188897511 prime?
False
Is 6659556179 a prime number?
True
Is 42005528783 composite?
False
Is 117310896037 a prime number?
False
Is 240818911 a composite number?
True
Is 2086176071 a composite number?
True
Is 1847073173 a composite number?
True
Is 1749102113 a composite number?
True
Is 3098170967 a composite number?
True
Is 51863851843 a prime number?
False
Is 205649057729 prime?
False
Is 11159620711 a composite number?
True
Is 1107393494 a prime number?
False
Is 481704107 a composite number?
False
Is 19677908647 prime?
True
Is 236294362789 a prime number?
True
Is 2561891207 a prime number?
False
Is 44417895163 a prime number?
True
Is 9442145023 a composite number?
False
Is 44038446611 a composite number?
True
Is 717493831 a composite number?
True
Is 43067362307 a composite number?
False
Is 813962207 composite?
False
Is 217488559 a prime number?
False
Is 1433512583 a prime number?
False
Is 62544634489 a composite number?
False
Is 13829958323 a composite number?
True
Is 562458386903 composite?
True
Is 47155759607 a composite number?
True
Is 15171603731 a composite number?
False
Is 7433932423 composite?
True
Is 19114122413 a prime number?
True
Is 45618286463 a prime number?
True
Is 5782898701 prime?
True
Is 6579131971 composite?
True
Is 221829198055 composite?
True
Is 1884977123 composite?
True
Is 518723753 composite?
True
Is 21424801547 prime?
True
Is 27644972311 a prime number?
False
Is 2586130367 a prime number?
True
Is 6270153847 prime?
True
Is 346968217 composite?
False
Is 1517729777 a prime number?
True
Is 93809239 a prime number?
True
Is 11408238553 composite?
False
Is 866672179 composite?
True
Is 7409337947 prime?
False
Is 6159031253 prime?
True
Is 25658349901 prime?
False
Is 11589433 prime?
False
Is 46699049 a prime number?
False
Is 5101868483 a prime number?
False
Is 5160292409 composite?
True
Is 298749355 prime?
False
Is 58154617 prime?
True
Is 7708085059 prime?
False
Is 699584069 a prime number?
False
Is 333843963 a prime number?
False
Is 2618647541 prime?
True
Is 3631748147 composite?
False
Is 82880363 a composite number?
False
Is 28437526657 composite?
False
Is 18882596297 composite?
False
Is 183418657 composite?
True
Is 8680666507 composite?
False
Is 1269870599 composite?
True
Is 388316459 a prime number?
False
Is 9030813119 prime?
False
Is 2549567455 a composite number?
True
Is 499503337 a composite number?
True
Is 1068776003 a prime number?
False
Is 1202324219 composite?
False
Is 297632329 prime?
False
Is 1378090849 prime?
False
Is 2612978899 composite?
True
Is 4948849426 a composite number?
True
Is 8164515799 composite?
True
Is 4269471109 composite?
False
Is 489433081 a composite number?
False
Is 15955266877 a composite number?
True
Is 2184891367 composite?
True
Is 151364095 a composite number?
True
Is 1576497353 a composite number?
False
Is 1599006239 prime?
True
Is 196584233 a prime number?
False
Is 8072030893 a composite number?
False
Is 15479286793 prime?
True
Is 2042225909 a prime number?
True
Is 2640547649 prime?
False
Is 2855626231 a prime number?
True
Is 10382790703 composite?
False
Is 11755972873 a prime number?
True
Is 94529291261 a prime number?
True
Is 59314259 composite?
False
Is 6274544981 a composite number?
False
Is 7846703101 prime?
False
Is 7393236751 a composite number?
False
Is 81402487 a composite number?
True
Is 616872997 a prime number?
False
Is 783047065 a composite number?
True
Is 4076315587 composite?
True
Is 4409089 a prime number?
False
Is 4020897661 a composite number?
True
Is 287870777 composite?
True
Is 12593582733 a prime number?
False
Is 105613087 composite?
False
Is 23579156561 composite?
True
Is 305776859 a composite number?
True
Is 24858670303 a composite number?
True
Is 2690895749 prime?
True
Is 1969785997 composite?
True
Is 222422962745 composite?
True
Is 6596248039 prime?
False
Is 394497491 a prime number?
True
Is 78840198139 a composite number?
True
Is 38718994997 a composite number?
True